{"id":1115,"date":"2026-04-26T19:27:01","date_gmt":"2026-04-26T19:27:01","guid":{"rendered":"https:\/\/paavilaisentalli.net\/?page_id=1115"},"modified":"2026-04-26T19:27:01","modified_gmt":"2026-04-26T19:27:01","slug":"cameron-evo","status":"publish","type":"page","link":"https:\/\/paavilaisentalli.net\/?page_id=1115","title":{"rendered":"Cameron Evo"},"content":{"rendered":"\n<figure class=\"wp-block-image size-full\"><a href=\"https:\/\/paavilaisentalli.net\/wp-content\/uploads\/2026\/04\/cameron-evo.jpg\"><img loading=\"lazy\" decoding=\"async\" width=\"982\" height=\"845\" src=\"https:\/\/paavilaisentalli.net\/wp-content\/uploads\/2026\/04\/cameron-evo.jpg\" alt=\"\" class=\"wp-image-1116\" srcset=\"https:\/\/paavilaisentalli.net\/wp-content\/uploads\/2026\/04\/cameron-evo.jpg 982w, https:\/\/paavilaisentalli.net\/wp-content\/uploads\/2026\/04\/cameron-evo-300x258.jpg 300w, https:\/\/paavilaisentalli.net\/wp-content\/uploads\/2026\/04\/cameron-evo-768x661.jpg 768w\" sizes=\"auto, (max-width: 982px) 100vw, 982px\" \/><\/a><\/figure>\n\n\n\n<p>LOOK DE STAR 12,7 &#8211; CHINA TEA PARTY 11,2a(3) &#8211; MUSCLES YANKEE 09,9a<\/p>\n\n\n\n<p>Olli Koivunen: \u201d<em>Cameron Evo oli kilpahevosena rehellinen ja miellytt\u00e4v\u00e4 kumppani. Ori on hienok\u00e4yt\u00f6ksinen niin radalla kuin sen ulkopuolellakin. Sen em\u00e4linja on tuottoisa ja n\u00e4kisinkin, ett\u00e4 sill\u00e4 on jalostusoriin suku<\/em>.\u201d<\/p>\n\n\n\n<p>Cameron Evo voitti yli 20% kilpailuistaan (totossa 49%!). Kymenlaakso-ajossa, Oulu Expressiss\u00e4 ja Kuopio Stakesissa ori oli toinen. Aikuisena se voitti mm. Joensuu-ajon, Einari Vidgrenin muistoajon ja useita 75-l\u00e4ht\u00f6j\u00e4.<\/p>\n\n\n\n<p>Is\u00e4 Look de Starin j\u00e4lkel\u00e4iset ovat tienanneet Ranskassa yli 50 miljoonaa euroa. Norjassa paras Lionel 09,5a \/ ~16 milj. NOK, Ruotsissa V\u00e4sterbo Highflyer 09,4a \/ 5,1 milj. SEK. Em\u00e4 China Tea Party on j\u00e4tt\u00e4nyt my\u00f6s o Benjamin Evo 11,2a \/ 2 milj. SEK sek\u00e4 jenkeiss\u00e4 useamman haamumailerin. Vahvalta em\u00e4linjalta paljon haamumailereita niin Yhdysvalloissa kuin Euroopassakin!<\/p>\n\n\n\n<p><strong>Maksut 2026<\/strong><\/p>\n\n\n\n<p>Varausmaksu: 320 \u20ac + ELL kulut <br>Siirrot sopimuksen mukaan.<br>Varsamaksu 700 \u20ac (ei alv)<br>(Hinnat sis\u00e4lt\u00e4v\u00e4t arvonlis\u00e4veron 25,5 %)<\/p>\n","protected":false},"excerpt":{"rendered":"<p>LOOK DE STAR 12,7 &#8211; CHINA TEA PARTY 11,2a(3) &#8211; MUSCLES YANKEE 09,9a Olli Koivunen: \u201dCameron Evo oli kilpahevosena rehellinen ja miellytt\u00e4v\u00e4 kumppani. Ori on hienok\u00e4yt\u00f6ksinen niin radalla kuin sen ulkopuolellakin. Sen em\u00e4linja on tuottoisa ja n\u00e4kisinkin, ett\u00e4 sill\u00e4 on jalostusoriin suku.\u201d Cameron Evo voitti yli 20% kilpailuistaan (totossa 49%!). Kymenlaakso-ajossa, Oulu Expressiss\u00e4 ja Kuopio [&hellip;]<\/p>\n","protected":false},"author":4,"featured_media":0,"parent":388,"menu_order":0,"comment_status":"closed","ping_status":"closed","template":"","meta":{"footnotes":""},"class_list":["post-1115","page","type-page","status-publish","hentry"],"_links":{"self":[{"href":"https:\/\/paavilaisentalli.net\/index.php?rest_route=\/wp\/v2\/pages\/1115","targetHints":{"allow":["GET"]}}],"collection":[{"href":"https:\/\/paavilaisentalli.net\/index.php?rest_route=\/wp\/v2\/pages"}],"about":[{"href":"https:\/\/paavilaisentalli.net\/index.php?rest_route=\/wp\/v2\/types\/page"}],"author":[{"embeddable":true,"href":"https:\/\/paavilaisentalli.net\/index.php?rest_route=\/wp\/v2\/users\/4"}],"replies":[{"embeddable":true,"href":"https:\/\/paavilaisentalli.net\/index.php?rest_route=%2Fwp%2Fv2%2Fcomments&post=1115"}],"version-history":[{"count":1,"href":"https:\/\/paavilaisentalli.net\/index.php?rest_route=\/wp\/v2\/pages\/1115\/revisions"}],"predecessor-version":[{"id":1117,"href":"https:\/\/paavilaisentalli.net\/index.php?rest_route=\/wp\/v2\/pages\/1115\/revisions\/1117"}],"up":[{"embeddable":true,"href":"https:\/\/paavilaisentalli.net\/index.php?rest_route=\/wp\/v2\/pages\/388"}],"wp:attachment":[{"href":"https:\/\/paavilaisentalli.net\/index.php?rest_route=%2Fwp%2Fv2%2Fmedia&parent=1115"}],"curies":[{"name":"wp","href":"https:\/\/api.w.org\/{rel}","templated":true}]}}